**2 - 3*h - 13. What is d(6)?
437
Let g(k) = -186*k**2 + 752*k - 19. Determine g(4).
13
Let x(m) = 344*m - 2. Give x(1).
342
Let o(n) = 2*n**2 - 219*n - 1614. Determine o(-7).
17
Let b(o) = -o**3 + 7*o**2 + 18*o + 23. Give b(9).
23
Let f(p) = p**3 - 6*p**2 - 47*p + 105. Give f(11).
193
Let i(x) = -2*x**3 + 178*x**2 - 3846*x - 103. Calculate i(52).
1
Let b(z) = -3*z**2 + 63*z + 107. Calculate b(25).
-193
Let u(x) = x**2 - 56*x + 785. Determine u(29).
2
Let v(y) = -12*y**3 - 3*y**2 - 26*y - 48. Give v(-2).
88
Let i(r) = -3*r**3 - 14*r**2 - 6*r - 1. Give i(-4).
-9
Let n(x) = -x**2 + 12*x + 59. Determine n(-4).
-5
Let l(k) = -2*k**2 - 480*k + 3407. Calculate l(7).
-51
Let r(y) = 6*y**2 - 183*y - 679. Give r(34).
35
Let k(d) = d**3 - 8*d**2 - 50*d + 107. Calculate k(11).
-80
Let m(k) = 23*k - 281. Give m(12).
-5
Let k(s) = -126*s - 15278. Give k(-121).
-32
Let n(l) = l**2 - 38*l + 64. Calculate n(48).
544
Let v(p) = -7*p**2 + 29*p + 303. Determine v(-10).
-687
Let d(a) = 8*a**2 + 106*a + 188. Calculate d(-11).
-10
Let m(q) = q**2 + 3*q - 39. Determine m(0).
-39
Let f(k) = -6*k**3 - 2*k**2 + 9*k + 10. Give f(-3).
127
Let m(v) = 990*v - 15791. Give m(16).
49
Let w(m) = -m**2 + 41*m + 58. Give w(46).
-172
Let q(j) = -j**2 - 28*j + 422. Calculate q(-39).
-7
Let q(v) = 60*v + 1978. Give q(-31).
118
Let r(h) = -856*h + 7778. Give r(9).
74
Let p(u) = u**2 + 14*u - 72. Calculate p(-9).
-117
Let a(q) = -q**2 - 125*q - 3602. What is a(-45)?
-2
Let i(x) = x**3 - 8*x**2 + 42*x - 274. What is i(7)?
-29
Let d(t) = t**2 - 31*t - 946. Determine d(50).
4
Let i(z) = -z**3 + 67*z**2 - 16*z + 3. Calculate i(0).
3
Let d(f) = f**3 - 13*f**2 + 7*f + 5. Determine d(7).
-240
Let h(p) = 2*p**3 - 22*p**2 + 45*p. What is h(3)?
-9
Let y(r) = 10*r**2 + 19*r + 16. Determine y(-1).
7
Let c(f) = 603*f + 10259. Determine c(-17).
8
Let n(a) = -a**2 - 9150*a + 27464. Give n(3).
5
Let d(l) = l**3 - 7*l**2 - 27*l + 24. Calculate d(10).
54
Let s(v) = 23*v - 283. Calculate s(11).
-30
Let b(l) = 91*l - 332. What is b(3)?
-59
Let s(w) = -w**2 - 305*w - 3807. Determine s(-13).
-11
Let y(n) = 79*n + 31. What is y(-1)?
-48
Let p(y) = y**3 + 14*y**2 - 81*y - 1227. What is p(-13)?
-5
Let y(i) = -10*i + 171. Calculate y(21).
-39
Let u(m) = -257*m + 1571. What is u(6)?
29
Let l(b) = -14*b + 170. What is l(11)?
16
Let h(v) = -v**3 + 30*v**2 + 55*v + 308. What is h(32)?
20
Let v(j) = j**3 + 39*j**2 - 433*j - 65. What is v(-48)?
-17
Let s(v) = -9191*v + 459557. Calculate s(50).
7
Let p(f) = -16*f + 10. Give p(2).
-22
Let r(k) = 20*k - 93. Give r(4).
-13
Let i(m) = -84*m + 629. Determine i(8).
-43
Let l(i) = -64*i**2 - 2624*i - 19. Calculate l(-41).
-19
Let n(i) = -8*i - 86. Calculate n(14).
-198
Let f(a) = -10*a + 72. Determine f(-8).
152
Let b(p) = 67*p + 432. Give b(-6).
30
Let v(t) = -2*t**3 + 181*t**2 - 89*t - 104. What is v(90)?
-14
Let i(f) = 7*f**2 - 694*f + 173. Calculate i(99).
74
Let c(t) = t**2 + 1332*t - 6680. Give c(5).
5
Let j(m) = m**2 + 35*m - 322. Calculate j(-40).
-122
Let p(n) = -n**3 - 4*n**2 + 76*n + 12. Calculate p(7).
5
Let j(y) = -7128*y + 57020. Determine j(8).
-4
Let u(q) = -q**2 - 9*q + 5. Give u(-2).
19
Let f(u) = -u**2 + 61*u - 300. What is f(54)?
78
Let q(b) = -b**3 + 13*b**2 - 10*b + 21. Give q(12).
45
Let n(i) = 8589*i + 85896. Calculate n(-10).
6
Let n(g) = 21*g**2 - 107*g - 107. Give n(-1).
21
Let q(j) = 55*j**2 + 3*j + 1. Calculate q(-1).
53
Let v(n) = 35*n - 5. What is v(3)?
100
Let r(i) = 3*i**2 - 43*i - 635. What is r(-9)?
-5
Let n(i) = -11*i - 390. Determine n(-37).
17
Let u(o) = -o**3 - 22*o**2 + 79*o - 51. Give u(-25).
-151
Let i(k) = -k**3 - 13*k**2 - 39*k - 45. Give i(-6).
-63
Let k(a) = a**3 + 5*a**2 - 20*a. Calculate k(6).
276
Let u(i) = 5*i**2 - 22*i - 155. Calculate u(-10).
565
Let x(f) = 43*f - 4105. Calculate x(97).
66
Let q(k) = -k**3 + 24*k**2 + 50*k + 57. Determine q(26).
5
Let y(f) = f**2 - 259*f - 795. Calculate y(-3).
-9
Let t(x) = 23*x**2 - 1541*x + 40. What is t(67)?
40
Let r(q) = -q**3 + 25*q**2 - 129*q + 55. Determine r(18).
1
Let y(x) = -3*x**3 - 67*x**2 + 44*x - 42. Give y(-23).
4
Let y(u) = -7*u - 138. What is y(-28)?
58
Let x(i) = -56*i**2 + 670*i + 12. Give x(12).
-12
Let s(a) = -4*a + 240. Determine s(29).
124
Let i(h) = 353*h - 40. What is i(1)?
313
Let a(x) = 17*x**2 - 162*x + 12. Give a(4).
-364
Let h(s) = -s**3 - 56*s**2 - 228*s - 1039. Give h(-52).
1
Let n(o) = -10*o**2 + 121*o - 374. Calculate n(7).
-17
Let b(q) = -q - 120. Determine b(17).
-137
Let n(q) = q**2 + 430*q + 20659. Determine n(-55).
34
Let h(f) = -418*f - 6760. Calculate h(-16).
-72
Let x(r) = -18*r - 438. Calculate x(-24).
-6
Let c(q) = -q**3 - 55*q**2 + 240*q + 246. Determine c(-59).
10
Let j(b) = -3*b**2 - 138*b + 931. Determine j(-52).
-5
Let i(z) = 2*z**3 - 116*z**2 + 116*z - 105. Give i(57).
9
Let z(m) = 4*m**2 + 56*m + 13. Give z(-14).
13
Let i(q) = -q**3 + 258*q**2 - 8543*q + 440. Give i(219).
2
Let p(u) = u**2 - 8*u - 37. Calculate p(7).
-44
Let z(f) = f**3 + 426*f**2 + 1684*f + 6. Calculate z(-4).
22
Let f(p) = 267*p + 1852. Calculate f(-7).
-17
Let y(x) = x**2 - 13*x - 492. What is y(-16)?
-28
Let y(n) = -n**2 + 299*n - 19142. Give y(206).
16
Let y(w) = -45*w - 1560. Give y(-35).
15
Let q(v) = -73*v**2 - 417*v + 1. Calculate q(-2).
543
Let b(k) = 5*k**2 - 409*k - 4688. Calculate b(92).
4
Let h(w) = -w**3 - 106*w**2 + 228*w + 1629. Determine h(-108).
333
Let x(q) = 5*q**2 + 63*q - 33. Determine x(-13).
-7
Let q(c) = c**2 - 31*c - 261. Determine q(-7).
5
Let d(g) = 2*g**2 + 24*g - 238. Determine d(-18).
-22
Let v(b) = 16*b**2 + 45*b - 44. Give v(1).
17
Let a(h) = h**2 - 58*h - 393. What is a(64)?
-9
Let n(g) = -32*g + 7. Calculate n(3).
-89
Let f(m) = -m**3 - 7*m**2 - 70*m - 623. What is f(-8)?
1
Let p(m) = m**2 + m - 208. Determine p(15).
32
Let q(i) = i**3 + i**2 - 3*i - 5. Calculate q(-5).
-90
Let q(a) = -1825*a - 12793. Calculate q(-7).
-18
Let v(m) = 65*m + 583. Calculate v(-9).
-2
Let b(r) = -5*r**2 + 203*r - 124. Give b(40).
-4
Let j(w) = w**3 - 22*w**2 + 47*w - 28. Calculate j(18).
-478
Let c(q) = 105*q**2 + q - 92. What is c(0)?
-92
Let q(o) = 1282*o + 7665. What is q(-6)?
-27
Let n(l) = l**2 - 31*l - 9. Give n(23).
-193
Let s(c) = -c**3 - 76*c**2 - 1391*c + 121. What is s(-31)?
-3
Let l(z) = -z**3 + 30*z**2 + 64*z + 42. Determine l(32).
42
Let o(m) = 44*m + 3303. Give o(-75).
3
Let z(o) = 49*o - 633. Determine z(13).
4
Let c(f) = f**2 + 114*f - 716. What is c(6)?
4
Let s(x) = 8*x**2 + 106*x + 34. What is s(-13)?
8
Let w(o) = -o**2 + o + 11. What is w(5)?
-9
Let k(t) = 24*t**2 - 310*t + 50. What is k(12)?
-214
Let x(k) = -11*k**2 + 75*k - 68. Calculate x(8).
-172
Let d(g) = 110*g - 4160. What is d(38)?
20
Let q(f) = f**2 + 23*f + 105. Give q(-17).
3
Let d(x) = -2*x**3 + 76*x**2 + 69*x + 343. Calculate d(39).
-8
Let z(y) = y**3 + 11*y**2 + 3*y - 22. Determine z(-6).
140
Let t(j) = -109*j + 5. Give t(3).
-322
Let g(j) = 9*j**2 + 44*j + 136. Give g(-5).
141
Let z(l) = l**2 - 14*l - 202. Give z(-11).
73
Let j(s) = -5*s**3 - 352*s**2 - 201*s - 4272. Calculate j(-70).
-2
Let y(b) = 632*b - 2526. What is y(4)?
2
Let b(q) = -5*q**2 - 96*q - 281. Determine b(-3).
-38
Let d(h) = 582*h - 1673. What is d(3)?
73
Let r(y) = 15*y**2 - 1392*y - 293. Calculate r(93).
-14
Let l(u) = -2*u**3 - 49*u**2 + 131*u - 172. What is l(-27)?
-64
Let x(k) = -18*k + 17. What is x(5)?
-73
Let v(m) = 2*m**2 + 85*m - 176. What is v(2)?
2
Let h(k) = -13*k + 326. What is h(24)?
14
Let v(d) = 25*d + 19. Calculate v(-1).
-6
Let o(z) = -z**3 + 67*z**2 - 11*z + 528. Calculate o(67).
-209
Let g(s) = -s**3 + 18*s**2 - 33*s + 11. What is g(16)?
-5
Let w(v) = -v**3 - 34*v**2 - 250*v + 10. Give w(-23).
-59
Let j(q) = q**3 + 28*q**2 + 55*q + 60. Calculate j(-26).
-18
Let h(l) = -l**3 + l**2 + 169*l - 172. Determine h(-13).
-3
Let n(i) = 64*i - 157. Calculate n(3).
35
Let r(k) = k**2 - 41*k + 84. Give r(38).
-30
Let v(t) = -t**2 - 98*t - 2516. Determine v(-30).
-476
Let z(c) = -248*c - 1406. What is z(-6)?
82
Let z(h) = -h**3 + 312*h**2 - 3039*h + 5734. What is z(302)?
-4
Let u(p) = 50*p + 7. Calculate u(1).
57
Let u(d) = d**3 - 8*d**2 - 5*d + 1. What is u(7)?
-83
Let y(q) = 201*q - 5827. What is y(29)?
2
Let q(g) = -58*g + 135. Give q(3).
-39
Let t(b) = 2*b**3 - 3*b**2 + 6*b + 1. Determine